CRAN Package Check Results for Package nawtilus

Last updated on 2022-01-20 22:54:09 CET.

Flavor Version Tinstall Tcheck Ttotal Status Flags
r-devel-linux-x86_64-debian-clang 0.1.4 OK
r-devel-linux-x86_64-debian-gcc 0.1.4 4.57 34.74 39.31 OK
r-devel-linux-x86_64-fedora-clang 0.1.4 63.91 NOTE
r-devel-linux-x86_64-fedora-gcc 0.1.4 51.52 OK
r-devel-windows-x86_64-new-UL 0.1.4 34.00 65.00 99.00 OK
r-devel-windows-x86_64-new-TK 0.1.4 OK
r-patched-linux-x86_64 0.1.4 5.93 43.20 49.13 OK
r-release-linux-x86_64 0.1.4 4.87 43.67 48.54 OK
r-release-macos-arm64 0.1.4 OK
r-release-macos-x86_64 0.1.4 OK
r-release-windows-ix86+x86_64 0.1.4 11.00 55.00 66.00 OK
r-oldrel-macos-x86_64 0.1.4 OK
r-oldrel-windows-ix86+x86_64 0.1.4 10.00 53.00 63.00 OK

Check Details

Version: 0.1.4
Check: Rd cross-references
Result: NOTE
    Undeclared package ‘CBPS’ in Rd xrefs
Flavor: r-devel-linux-x86_64-fedora-clang