CRAN Package Check Results for Package nbfar

Last updated on 2024-04-20 21:56:12 CEST.

Flavor Version Tinstall Tcheck Ttotal Status Flags
r-devel-linux-x86_64-debian-clang 0.1 67.89 87.30 155.19 NOTE
r-devel-linux-x86_64-debian-gcc 0.1 58.91 65.46 124.37 NOTE
r-devel-linux-x86_64-fedora-clang 0.1 201.46 NOTE
r-devel-linux-x86_64-fedora-gcc 0.1 224.66 NOTE
r-prerel-macos-arm64 0.1 57.00 NOTE
r-prerel-windows-x86_64 0.1 55.00 105.00 160.00 NOTE
r-patched-linux-x86_64 0.1 71.99 83.25 155.24 NOTE
r-release-linux-x86_64 0.1 75.71 84.20 159.91 NOTE
r-release-macos-arm64 0.1 68.00 NOTE
r-release-macos-x86_64 0.1 111.00 NOTE
r-release-windows-x86_64 0.1 69.00 129.00 198.00 NOTE
r-oldrel-macos-arm64 0.1 54.00 NOTE
r-oldrel-windows-x86_64 0.1 68.00 124.00 192.00 OK

Check Details

Version: 0.1
Check: C++ specification
Result: NOTE Specified C++11: please drop specification unless essential Flavors: r-devel-linux-x86_64-debian-clang, r-devel-linux-x86_64-debian-gcc, r-devel-linux-x86_64-fedora-clang, r-devel-linux-x86_64-fedora-gcc, r-prerel-macos-arm64, r-prerel-windows-x86_64, r-patched-linux-x86_64, r-release-linux-x86_64, r-release-macos-arm64, r-release-macos-x86_64, r-release-windows-x86_64

Version: 0.1
Check: dependencies in R code
Result: NOTE Namespaces in Imports field not imported from: ‘glmnet’ ‘rrpack’ All declared Imports should be used. Flavors: r-devel-linux-x86_64-fedora-clang, r-devel-linux-x86_64-fedora-gcc, r-oldrel-macos-arm64

Version: 0.1
Check: installed package size
Result: NOTE installed size is 6.8Mb sub-directories of 1Mb or more: libs 6.4Mb Flavors: r-prerel-macos-arm64, r-release-macos-arm64, r-release-macos-x86_64, r-oldrel-macos-arm64