CRAN Package Check Results for Package ncdf4

Last updated on 2022-01-20 22:54:10 CET.

Flavor Version Tinstall Tcheck Ttotal Status Flags
r-devel-linux-x86_64-debian-clang 1.19 OK
r-devel-linux-x86_64-debian-gcc 1.19 6.75 35.43 42.18 OK
r-devel-linux-x86_64-fedora-clang 1.19 68.67 OK
r-devel-linux-x86_64-fedora-gcc 1.19 56.41 OK
r-devel-windows-x86_64-new-UL 1.19 40.00 114.00 154.00 NOTE
r-devel-windows-x86_64-new-TK 1.19 OK
r-patched-linux-x86_64 1.19 9.13 45.36 54.49 OK
r-release-linux-x86_64 1.19 6.13 44.91 51.04 OK
r-release-macos-arm64 1.19 NOTE
r-release-macos-x86_64 1.19 NOTE
r-release-windows-ix86+x86_64 1.19 20.00 98.00 118.00 NOTE
r-oldrel-macos-x86_64 1.19 NOTE
r-oldrel-windows-ix86+x86_64 1.19 20.00 96.00 116.00 NOTE

Check Details

Version: 1.19
Check: installed package size
Result: NOTE
     installed size is 12.0Mb
     sub-directories of 1Mb or more:
     libs 11.7Mb
Flavors: r-devel-windows-x86_64-new-UL, r-release-macos-arm64, r-release-macos-x86_64, r-release-windows-ix86+x86_64, r-oldrel-macos-x86_64, r-oldrel-windows-ix86+x86_64