Last updated on 2022-05-16 22:52:17 CEST.
Flavor | Version | Tinstall | Tcheck | Ttotal | Status | Flags |
---|---|---|---|---|---|---|
r-devel-linux-x86_64-debian-clang | 0.0.3 | 5.25 | 59.61 | 64.86 | NOTE | |
r-devel-linux-x86_64-debian-gcc | 0.0.3 | 3.75 | 44.68 | 48.43 | NOTE | |
r-devel-linux-x86_64-fedora-clang | 0.0.3 | 81.24 | NOTE | |||
r-devel-linux-x86_64-fedora-gcc | 0.0.3 | 73.54 | NOTE | |||
r-devel-windows-x86_64 | 0.0.3 | 11.00 | 73.00 | 84.00 | NOTE | |
r-patched-linux-x86_64 | 0.0.3 | 5.28 | 55.73 | 61.01 | NOTE | |
r-release-linux-x86_64 | 0.0.3 | 5.15 | 55.07 | 60.22 | NOTE | |
r-release-macos-arm64 | 0.0.3 | 20.00 | NOTE | |||
r-release-macos-x86_64 | 0.0.3 | 41.00 | NOTE | |||
r-release-windows-x86_64 | 0.0.3 | 12.00 | 77.00 | 89.00 | NOTE | |
r-oldrel-macos-arm64 | 0.0.3 | 25.00 | NOTE | |||
r-oldrel-macos-x86_64 | 0.0.3 | 40.00 | NOTE | |||
r-oldrel-windows-ix86+x86_64 | 0.0.3 | 12.00 | 69.00 | 81.00 | NOTE |
Version: 0.0.3
Check: LazyData
Result: NOTE
'LazyData' is specified without a 'data' directory
Flavors: r-devel-linux-x86_64-debian-clang, r-devel-linux-x86_64-debian-gcc, r-devel-linux-x86_64-fedora-clang, r-devel-linux-x86_64-fedora-gcc, r-devel-windows-x86_64, r-patched-linux-x86_64, r-release-linux-x86_64, r-release-macos-arm64, r-release-macos-x86_64, r-release-windows-x86_64, r-oldrel-macos-arm64, r-oldrel-macos-x86_64, r-oldrel-windows-ix86+x86_64