CRAN Package Check Results for Package ncpen

Last updated on 2022-07-04 22:59:17 CEST.

Flavor Version Tinstall Tcheck Ttotal Status Flags
r-devel-linux-x86_64-debian-clang 1.0.0 72.70 45.92 118.62 NOTE
r-devel-linux-x86_64-debian-gcc 1.0.0 60.60 36.26 96.86 NOTE
r-devel-linux-x86_64-fedora-clang 1.0.0 172.38 NOTE
r-devel-linux-x86_64-fedora-gcc 1.0.0 160.63 NOTE
r-devel-windows-x86_64 1.0.0 58.00 92.00 150.00 NOTE
r-patched-linux-x86_64 1.0.0 64.29 43.30 107.59 NOTE
r-release-linux-x86_64 1.0.0 62.08 44.60 106.68 NOTE
r-release-macos-arm64 1.0.0 45.00 NOTE
r-release-macos-x86_64 1.0.0 54.00 NOTE
r-release-windows-x86_64 1.0.0 69.00 94.00 163.00 NOTE
r-oldrel-macos-arm64 1.0.0 51.00 NOTE
r-oldrel-macos-x86_64 1.0.0 79.00 NOTE
r-oldrel-windows-ix86+x86_64 1.0.0 166.00 104.00 270.00 NOTE

Check Details

Version: 1.0.0
Check: LazyData
Result: NOTE
     'LazyData' is specified without a 'data' directory
Flavors: r-devel-linux-x86_64-debian-clang, r-devel-linux-x86_64-debian-gcc, r-devel-linux-x86_64-fedora-clang, r-devel-linux-x86_64-fedora-gcc, r-devel-windows-x86_64, r-patched-linux-x86_64, r-release-linux-x86_64, r-release-macos-arm64, r-release-macos-x86_64, r-release-windows-x86_64, r-oldrel-macos-arm64, r-oldrel-macos-x86_64, r-oldrel-windows-ix86+x86_64

Version: 1.0.0
Check: installed package size
Result: NOTE
     installed size is 5.3Mb
     sub-directories of 1Mb or more:
     libs 5.1Mb
Flavors: r-devel-linux-x86_64-fedora-clang, r-release-macos-arm64, r-release-macos-x86_64, r-oldrel-macos-arm64, r-oldrel-macos-x86_64