CRAN Package Check Results for Package ndl

Last updated on 2022-01-20 22:54:10 CET.

Flavor Version Tinstall Tcheck Ttotal Status Flags
r-devel-linux-x86_64-debian-clang 0.2.18 OK
r-devel-linux-x86_64-debian-gcc 0.2.18 18.02 56.07 74.09 OK
r-devel-linux-x86_64-fedora-clang 0.2.18 132.34 NOTE
r-devel-linux-x86_64-fedora-gcc 0.2.18 115.36 NOTE
r-devel-windows-x86_64-new-UL 0.2.18 56.00 130.00 186.00 OK
r-devel-windows-x86_64-new-TK 0.2.18 NOTE
r-patched-linux-x86_64 0.2.18 16.53 73.18 89.71 OK
r-release-linux-x86_64 0.2.18 16.00 72.52 88.52 OK
r-release-macos-arm64 0.2.18 NOTE
r-release-macos-x86_64 0.2.18 NOTE
r-release-windows-ix86+x86_64 0.2.18 63.00 155.00 218.00 OK
r-oldrel-macos-x86_64 0.2.18 NOTE
r-oldrel-windows-ix86+x86_64 0.2.18 66.00 145.00 211.00 OK

Check Details

Version: 0.2.18
Check: data for non-ASCII characters
Result: NOTE
     Note: found 7332 marked UTF-8 strings
Flavors: r-devel-linux-x86_64-fedora-clang, r-devel-linux-x86_64-fedora-gcc, r-devel-windows-x86_64-new-TK, r-release-macos-arm64, r-release-macos-x86_64, r-oldrel-macos-x86_64