CRAN Package Check Results for Package neatRanges

Last updated on 2022-07-05 22:50:28 CEST.

Flavor Version Tinstall Tcheck Ttotal Status Flags
r-devel-linux-x86_64-debian-clang 0.1.3 28.33 36.30 64.63 WARN
r-devel-linux-x86_64-debian-gcc 0.1.3 22.46 27.42 49.88 OK
r-devel-linux-x86_64-fedora-clang 0.1.3 99.74 WARN
r-devel-linux-x86_64-fedora-gcc 0.1.3 91.72 OK
r-devel-windows-x86_64 0.1.3 41.00 80.00 121.00 OK
r-patched-linux-x86_64 0.1.3 24.93 34.49 59.42 OK
r-release-linux-x86_64 0.1.3 23.02 34.27 57.29 OK
r-release-macos-arm64 0.1.3 26.00 OK
r-release-macos-x86_64 0.1.3 37.00 OK
r-release-windows-x86_64 0.1.3 47.00 76.00 123.00 OK
r-oldrel-macos-arm64 0.1.3 30.00 OK
r-oldrel-macos-x86_64 0.1.3 50.00 OK
r-oldrel-windows-ix86+x86_64 0.1.3 71.00 84.00 155.00 OK

Additional issues

clang14

Check Details

Version: 0.1.3
Check: whether package can be installed
Result: WARN
    Found the following significant warnings:
     subsetAndUpdate.cpp:13:9: warning: use of bitwise '&' with boolean operands [-Wbitwise-instead-of-logical]
     subsetAndUpdate.cpp:35:14: warning: use of bitwise '&' with boolean operands [-Wbitwise-instead-of-logical]
     subsetAndUpdate.cpp:118:14: warning: use of bitwise '&' with boolean operands [-Wbitwise-instead-of-logical]
     subsetAndUpdateTime.cpp:13:9: warning: use of bitwise '&' with boolean operands [-Wbitwise-instead-of-logical]
     subsetAndUpdateTime.cpp:35:14: warning: use of bitwise '&' with boolean operands [-Wbitwise-instead-of-logical]
     subsetAndUpdateTime.cpp:118:14: warning: use of bitwise '&' with boolean operands [-Wbitwise-instead-of-logical]
Flavors: r-devel-linux-x86_64-debian-clang, r-devel-linux-x86_64-fedora-clang