CRAN Package Check Results for Package neatStats

Last updated on 2024-02-25 23:02:14 CET.

Flavor Version Tinstall Tcheck Ttotal Status Flags
r-devel-linux-x86_64-debian-clang 1.13.3 10.34 103.64 113.98 NOTE
r-devel-linux-x86_64-debian-gcc 1.13.3 9.16 83.57 92.73 NOTE
r-devel-linux-x86_64-fedora-clang 1.13.3 148.86 OK
r-devel-linux-x86_64-fedora-gcc 1.13.3 152.16 OK
r-devel-windows-x86_64 1.13.3 10.00 97.00 107.00 OK
r-patched-linux-x86_64 1.13.3 18.43 98.60 117.03 OK
r-release-linux-x86_64 1.13.3 7.66 106.53 114.19 OK
r-release-macos-arm64 1.13.3 48.00 OK
r-release-macos-x86_64 1.13.3 67.00 OK
r-release-windows-x86_64 1.13.3 15.00 117.00 132.00 OK
r-oldrel-macos-arm64 1.13.3 39.00 OK
r-oldrel-windows-x86_64 1.13.3 15.00 127.00 142.00 OK

Check Details

Version: 1.13.3
Check: Rd files
Result: NOTE checkRd: (-1) norm_tests.Rd:69: Lost braces 69 | Anderson-Darling test." See url{https://github.com/Lakens/perfect-t-test} for | ^ checkRd: (-1) t_neat.Rd:243: Lost braces 243 | Anderson-Darling test." See url{https://github.com/Lakens/perfect-t-test} for | ^ Flavors: r-devel-linux-x86_64-debian-clang, r-devel-linux-x86_64-debian-gcc