CRAN Package Check Results for Package neotoma2

Last updated on 2024-04-22 23:09:57 CEST.

Flavor Version Tinstall Tcheck Ttotal Status Flags
r-devel-linux-x86_64-debian-clang 1.0.3 23.12 162.88 186.00 OK
r-devel-linux-x86_64-debian-gcc 1.0.3 15.44 119.83 135.27 OK
r-devel-linux-x86_64-fedora-clang 1.0.3 227.21 OK
r-devel-linux-x86_64-fedora-gcc 1.0.3 235.57 OK
r-prerel-macos-arm64 1.0.3 118.00 OK
r-prerel-macos-x86_64 1.0.3 256.00 OK
r-prerel-windows-x86_64 1.0.3 21.00 229.00 250.00 OK
r-patched-linux-x86_64 1.0.3 20.66 127.59 148.25 ERROR
r-release-linux-x86_64 1.0.3 12.13 157.10 169.23 OK
r-release-macos-arm64 1.0.3 119.00 OK
r-release-macos-x86_64 1.0.3 199.00 OK
r-release-windows-x86_64 1.0.3 25.00 242.00 267.00 OK
r-oldrel-macos-arm64 1.0.3 101.00 OK
r-oldrel-windows-x86_64 1.0.3 24.00 206.00 230.00 OK

Additional issues

ATLAS

Check Details

Version: 1.0.3
Check: re-building of vignette outputs
Result: ERROR Error(s) in re-building vignettes: ... --- re-building ‘neotoma2-package.Rmd’ using rmarkdown Quitting from lines at lines 212-215 [getdatasetsbytype] (neotoma2-package.Rmd) Error: processing vignette 'neotoma2-package.Rmd' failed with diagnostics: Internal Server Error (HTTP 500). Failed to Could not connect to the Neotoma API. Check that the path is valid, and check the current status of the Neotoma API services at http://data.neotomadb.org. --- failed re-building ‘neotoma2-package.Rmd’ SUMMARY: processing the following file failed: ‘neotoma2-package.Rmd’ Error: Vignette re-building failed. Execution halted Flavor: r-patched-linux-x86_64