CRAN Package Check Results for Package netCoin

Last updated on 2021-12-03 22:57:47 CET.

Flavor Version Tinstall Tcheck Ttotal Status Flags
r-devel-linux-x86_64-debian-clang 2.0.20 13.01 99.02 112.03 OK
r-devel-linux-x86_64-debian-gcc 2.0.20 10.14 79.96 90.10 OK
r-devel-linux-x86_64-fedora-clang 2.0.20 143.97 NOTE
r-devel-linux-x86_64-fedora-gcc 2.0.20 132.69 NOTE
r-devel-windows-x86_64-new-UL 2.0.20 24.00 151.00 175.00 OK
r-devel-windows-x86_64-new-TK 2.0.20 NOTE
r-devel-windows-x86_64-old 2.0.20 18.00 104.00 122.00 OK
r-patched-linux-x86_64 2.0.20 17.74 95.97 113.71 OK
r-release-linux-x86_64 2.0.20 12.93 94.73 107.66 OK
r-release-macos-arm64 2.0.20 NOTE
r-release-macos-x86_64 2.0.20 NOTE
r-release-windows-ix86+x86_64 2.0.20 25.00 133.00 158.00 OK
r-oldrel-macos-x86_64 2.0.20 NOTE
r-oldrel-windows-ix86+x86_64 2.0.20 24.00 133.00 157.00 OK

Check Details

Version: 2.0.20
Check: data for non-ASCII characters
Result: NOTE
     Note: found 21 marked UTF-8 strings
Flavors: r-devel-linux-x86_64-fedora-clang, r-devel-linux-x86_64-fedora-gcc, r-devel-windows-x86_64-new-TK, r-release-macos-arm64, r-release-macos-x86_64, r-oldrel-macos-x86_64