CRAN Package Check Results for Package netchain

Last updated on 2022-01-17 22:54:44 CET.

Flavor Version Tinstall Tcheck Ttotal Status Flags
r-devel-linux-x86_64-debian-clang 0.2.0 17.35 118.20 135.55 OK
r-devel-linux-x86_64-debian-gcc 0.2.0 14.00 85.11 99.11 OK
r-devel-linux-x86_64-fedora-clang 0.2.0 173.34 NOTE
r-devel-linux-x86_64-fedora-gcc 0.2.0 159.81 NOTE
r-devel-windows-x86_64-new-UL 0.2.0 154.00 145.00 299.00 OK
r-devel-windows-x86_64-new-TK 0.2.0 NOTE
r-patched-linux-x86_64 0.2.0 16.70 111.79 128.49 OK
r-release-linux-x86_64 0.2.0 OK
r-release-macos-arm64 0.2.0 NOTE
r-release-macos-x86_64 0.2.0 NOTE
r-release-windows-ix86+x86_64 0.2.0 50.00 230.00 280.00 OK
r-oldrel-macos-x86_64 0.2.0 NOTE
r-oldrel-windows-ix86+x86_64 0.2.0 49.00 230.00 279.00 OK

Check Details

Version: 0.2.0
Check: dependencies in R code
Result: NOTE
    Namespaces in Imports field not imported from:
     ‘Matrix’ ‘igraph’
     All declared Imports should be used.
Flavors: r-devel-linux-x86_64-fedora-clang, r-devel-linux-x86_64-fedora-gcc, r-devel-windows-x86_64-new-TK, r-release-macos-arm64, r-release-macos-x86_64, r-oldrel-macos-x86_64