CRAN Package Check Results for Package netjack

Last updated on 2022-01-16 22:51:20 CET.

Flavor Version Tinstall Tcheck Ttotal Status Flags
r-devel-linux-x86_64-debian-clang 1.2.0 4.66 65.41 70.07 OK
r-devel-linux-x86_64-debian-gcc 1.2.0 3.46 49.22 52.68 OK
r-devel-linux-x86_64-fedora-clang 1.2.0 85.41 NOTE
r-devel-linux-x86_64-fedora-gcc 1.2.0 73.20 NOTE
r-devel-windows-x86_64-new-UL 1.2.0 54.00 94.00 148.00 OK
r-devel-windows-x86_64-new-TK 1.2.0 NOTE
r-patched-linux-x86_64 1.2.0 3.56 61.76 65.32 OK
r-release-linux-x86_64 1.2.0 OK
r-release-macos-arm64 1.2.0 NOTE
r-release-macos-x86_64 1.2.0 NOTE
r-release-windows-ix86+x86_64 1.2.0 11.00 78.00 89.00 OK
r-oldrel-macos-x86_64 1.2.0 NOTE
r-oldrel-windows-ix86+x86_64 1.2.0 11.00 79.00 90.00 OK

Check Details

Version: 1.2.0
Check: dependencies in R code
Result: NOTE
    Namespace in Imports field not imported from: ‘Rdpack’
     All declared Imports should be used.
Flavors: r-devel-linux-x86_64-fedora-clang, r-devel-linux-x86_64-fedora-gcc, r-devel-windows-x86_64-new-TK, r-release-macos-arm64, r-release-macos-x86_64, r-oldrel-macos-x86_64