CRAN Package Check Results for Package netmhc2pan

Last updated on 2022-05-28 22:55:14 CEST.

Flavor Version Tinstall Tcheck Ttotal Status Flags
r-devel-linux-x86_64-debian-clang 1.3.1 2.37 43.14 45.51 NOTE
r-devel-linux-x86_64-debian-gcc 1.3.1 2.72 33.64 36.36 NOTE
r-devel-linux-x86_64-fedora-clang 1.3.1 59.60 NOTE
r-devel-linux-x86_64-fedora-gcc 1.3.1 45.25 NOTE
r-devel-windows-x86_64 1.3.1 49.00 67.00 116.00 NOTE
r-patched-linux-x86_64 1.3.1 3.30 42.16 45.46 NOTE
r-release-linux-x86_64 1.3.1 2.57 42.30 44.87 NOTE
r-release-macos-arm64 1.3.1 79.00 NOTE
r-release-macos-x86_64 1.3.1 30.00 NOTE
r-release-windows-x86_64 1.3.1 49.00 69.00 118.00 NOTE
r-oldrel-macos-arm64 1.3.1 25.00 NOTE
r-oldrel-macos-x86_64 1.3.1 37.00 NOTE
r-oldrel-windows-ix86+x86_64 1.3.1 10.00 58.00 68.00 NOTE

Check Details

Version: 1.3.1
Check: LazyData
Result: NOTE
     'LazyData' is specified without a 'data' directory
Flavors: r-devel-linux-x86_64-debian-clang, r-devel-linux-x86_64-debian-gcc, r-devel-linux-x86_64-fedora-clang, r-devel-linux-x86_64-fedora-gcc, r-devel-windows-x86_64, r-patched-linux-x86_64, r-release-linux-x86_64, r-release-macos-arm64, r-release-macos-x86_64, r-release-windows-x86_64, r-oldrel-macos-arm64, r-oldrel-macos-x86_64, r-oldrel-windows-ix86+x86_64