CRAN Package Check Results for Package nhdplusTools

Last updated on 2021-11-29 22:59:18 CET.

Flavor Version Tinstall Tcheck Ttotal Status Flags
r-devel-linux-x86_64-debian-clang 0.4.3 12.54 176.79 189.33 OK
r-devel-linux-x86_64-debian-gcc 0.4.3 8.82 135.59 144.41 OK
r-devel-linux-x86_64-fedora-clang 0.4.3 230.12 OK
r-devel-linux-x86_64-fedora-gcc 0.4.3 223.44 OK
r-devel-windows-x86_64-new-UL 0.4.3 29.00 262.00 291.00 OK
r-devel-windows-x86_64-new-TK 0.4.3 OK
r-devel-windows-x86_64-old 0.4.3 17.00 196.00 213.00 OK
r-patched-linux-x86_64 0.4.3 11.51 177.04 188.55 OK
r-patched-solaris-x86 0.4.3 367.60 OK
r-release-linux-x86_64 0.4.3 10.25 168.72 178.97 ERROR
r-release-macos-arm64 0.4.3 OK
r-release-macos-x86_64 0.4.3 OK
r-release-windows-ix86+x86_64 0.4.3 24.00 189.00 213.00 OK
r-oldrel-macos-x86_64 0.4.3 OK
r-oldrel-windows-ix86+x86_64 0.4.3 17.00 197.00 214.00 OK

Additional issues

donttest

Check Details

Version: 0.4.3
Check: examples
Result: ERROR
    Running examples in ‘nhdplusTools-Ex.R’ failed
    The error most likely occurred in:
    
    > base::assign(".ptime", proc.time(), pos = "CheckExEnv")
    > ### Name: disambiguate_flowline_indexes
    > ### Title: Disambiguate Flowline Indexes
    > ### Aliases: disambiguate_flowline_indexes
    >
    > ### ** Examples
    >
    > source(system.file("extdata", "sample_flines.R", package = "nhdplusTools"))
    Request failed [503]. Retrying in 1 seconds...
    Request failed [503]. Retrying in 1.5 seconds...
    Error: Cannot open "/tmp/RtmpZQg7We/nhdplusTools/petapsco_flowlines.gpkg"; The source could be corrupt or not supported. See `st_drivers()` for a list of supported formats.
    Execution halted
Flavor: r-release-linux-x86_64