CRAN Package Check Results for Package nimbleSCR

Last updated on 2022-09-25 22:54:00 CEST.

Flavor Version Tinstall Tcheck Ttotal Status Flags
r-devel-linux-x86_64-debian-clang 0.2.0 21.87 471.01 492.88 OK
r-devel-linux-x86_64-debian-gcc 0.2.0 17.62 337.34 354.96 OK
r-devel-linux-x86_64-fedora-clang 0.2.0 574.99 NOTE
r-devel-linux-x86_64-fedora-gcc 0.2.0 594.34 NOTE
r-devel-windows-x86_64 0.2.0 78.00 545.00 623.00 NOTE
r-patched-linux-x86_64 0.2.0 20.11 440.14 460.25 OK
r-release-linux-x86_64 0.2.0 20.50 441.55 462.05 OK
r-release-macos-arm64 0.2.0 196.00 NOTE
r-release-macos-x86_64 0.2.0 255.00 NOTE
r-release-windows-x86_64 0.2.0 120.00 522.00 642.00 NOTE
r-oldrel-macos-arm64 0.2.0 176.00 NOTE
r-oldrel-macos-x86_64 0.2.0 243.00 NOTE
r-oldrel-windows-ix86+x86_64 0.2.0 45.00 560.00 605.00 NOTE

Check Details

Version: 0.2.0
Check: installed package size
Result: NOTE
     installed size is 6.7Mb
     sub-directories of 1Mb or more:
     doc 4.0Mb
     extdata 1.8Mb
Flavors: r-devel-linux-x86_64-fedora-clang, r-devel-windows-x86_64, r-release-macos-arm64, r-release-macos-x86_64, r-release-windows-x86_64, r-oldrel-macos-arm64, r-oldrel-macos-x86_64, r-oldrel-windows-ix86+x86_64

Version: 0.2.0
Check: dependencies in R code
Result: NOTE
    Namespace in Imports field not imported from: ‘methods’
     All declared Imports should be used.
Flavors: r-devel-linux-x86_64-fedora-clang, r-devel-linux-x86_64-fedora-gcc, r-release-macos-arm64, r-release-macos-x86_64, r-oldrel-macos-arm64, r-oldrel-macos-x86_64