CRAN Package Check Results for Package nmadb

Last updated on 2023-06-03 22:56:48 CEST.

Flavor Version Tinstall Tcheck Ttotal Status Flags
r-devel-linux-x86_64-debian-clang 1.2.0 2.14 37.63 39.77 OK
r-devel-linux-x86_64-debian-gcc 1.2.0 2.07 28.39 30.46 OK
r-devel-linux-x86_64-fedora-clang 1.2.0 49.79 NOTE
r-devel-linux-x86_64-fedora-gcc 1.2.0 46.48 NOTE
r-devel-windows-x86_64 1.2.0 5.00 52.00 57.00 OK
r-patched-linux-x86_64 1.2.0 OK
r-release-linux-x86_64 1.2.0 2.57 35.16 37.73 OK
r-release-macos-arm64 1.2.0 74.00 OK
r-release-macos-x86_64 1.2.0 49.00 OK
r-release-windows-x86_64 1.2.0 5.00 57.00 62.00 OK
r-oldrel-macos-arm64 1.2.0 42.00 NOTE
r-oldrel-macos-x86_64 1.2.0 52.00 NOTE
r-oldrel-windows-x86_64 1.2.0 5.00 60.00 65.00 OK

Check Details

Version: 1.2.0
Check: dependencies in R code
Result: NOTE
    Namespaces in Imports field not imported from:
     ‘devtools’ ‘jsonlite’
     All declared Imports should be used.
Flavors: r-devel-linux-x86_64-fedora-clang, r-devel-linux-x86_64-fedora-gcc, r-oldrel-macos-arm64, r-oldrel-macos-x86_64