CRAN Package Check Results for Package nngeo

Last updated on 2021-11-28 22:51:21 CET.

Flavor Version Tinstall Tcheck Ttotal Status Flags
r-devel-linux-x86_64-debian-clang 0.4.4 OK
r-devel-linux-x86_64-debian-gcc 0.4.4 5.26 62.02 67.28 OK
r-devel-linux-x86_64-fedora-clang 0.4.4 113.59 NOTE
r-devel-linux-x86_64-fedora-gcc 0.4.4 101.69 NOTE
r-devel-windows-x86_64-new-UL 0.4.4 19.00 159.00 178.00 OK
r-devel-windows-x86_64-new-TK 0.4.4 NOTE
r-devel-windows-x86_64-old 0.4.4 14.00 124.00 138.00 OK
r-patched-linux-x86_64 0.4.4 7.20 72.36 79.56 OK
r-patched-solaris-x86 0.4.4 129.50 NOTE
r-release-linux-x86_64 0.4.4 6.53 72.17 78.70 OK
r-release-macos-arm64 0.4.4 NOTE
r-release-macos-x86_64 0.4.4 NOTE
r-release-windows-ix86+x86_64 0.4.4 21.00 103.00 124.00 OK
r-oldrel-macos-x86_64 0.4.4 NOTE
r-oldrel-windows-ix86+x86_64 0.4.4 17.00 137.00 154.00 OK

Check Details

Version: 0.4.4
Check: dependencies in R code
Result: NOTE
    Namespaces in Imports field not imported from:
     ‘lwgeom’ ‘s2’
     All declared Imports should be used.
Flavors: r-devel-linux-x86_64-fedora-clang, r-devel-linux-x86_64-fedora-gcc, r-devel-windows-x86_64-new-TK, r-patched-solaris-x86, r-release-macos-arm64, r-release-macos-x86_64, r-oldrel-macos-x86_64