CRAN Package Check Results for Package nomogramFormula

Last updated on 2022-01-27 23:01:10 CET.

Flavor Version Tinstall Tcheck Ttotal Status Flags
r-devel-linux-x86_64-debian-clang 1.2.0.0 2.63 43.64 46.27 NOTE
r-devel-linux-x86_64-debian-gcc 1.2.0.0 2.24 33.78 36.02 NOTE
r-devel-linux-x86_64-fedora-clang 1.2.0.0 56.37 NOTE
r-devel-linux-x86_64-fedora-gcc 1.2.0.0 45.33 NOTE
r-devel-windows-x86_64-new-UL 1.2.0.0 69.00 65.00 134.00 NOTE
r-devel-windows-x86_64-new-TK 1.2.0.0 NOTE
r-patched-linux-x86_64 1.2.0.0 2.57 41.74 44.31 NOTE
r-release-linux-x86_64 1.2.0.0 2.60 41.46 44.06 NOTE
r-release-macos-arm64 1.2.0.0 NOTE
r-release-macos-x86_64 1.2.0.0 NOTE
r-release-windows-ix86+x86_64 1.2.0.0 10.00 57.00 67.00 NOTE
r-oldrel-macos-x86_64 1.2.0.0 OK
r-oldrel-windows-ix86+x86_64 1.2.0.0 8.00 57.00 65.00 OK

Check Details

Version: 1.2.0.0
Check: LazyData
Result: NOTE
     'LazyData' is specified without a 'data' directory
Flavors: r-devel-linux-x86_64-debian-clang, r-devel-linux-x86_64-debian-gcc, r-devel-linux-x86_64-fedora-clang, r-devel-linux-x86_64-fedora-gcc, r-devel-windows-x86_64-new-UL, r-devel-windows-x86_64-new-TK, r-patched-linux-x86_64, r-release-linux-x86_64, r-release-macos-arm64, r-release-macos-x86_64, r-release-windows-ix86+x86_64