CRAN Package Check Results for Package nord

Last updated on 2022-01-27 23:01:10 CET.

Flavor Version Tinstall Tcheck Ttotal Status Flags
r-devel-linux-x86_64-debian-clang 1.0.0 3.64 59.53 63.17 NOTE
r-devel-linux-x86_64-debian-gcc 1.0.0 2.97 45.50 48.47 NOTE
r-devel-linux-x86_64-fedora-clang 1.0.0 76.07 NOTE
r-devel-linux-x86_64-fedora-gcc 1.0.0 64.03 NOTE
r-devel-windows-x86_64-new-UL 1.0.0 16.00 83.00 99.00 NOTE
r-devel-windows-x86_64-new-TK 1.0.0 NOTE
r-patched-linux-x86_64 1.0.0 3.33 54.07 57.40 NOTE
r-release-linux-x86_64 1.0.0 3.08 54.20 57.28 NOTE
r-release-macos-arm64 1.0.0 NOTE
r-release-macos-x86_64 1.0.0 NOTE
r-release-windows-ix86+x86_64 1.0.0 12.00 66.00 78.00 NOTE
r-oldrel-macos-x86_64 1.0.0 OK
r-oldrel-windows-ix86+x86_64 1.0.0 12.00 67.00 79.00 OK

Check Details

Version: 1.0.0
Check: LazyData
Result: NOTE
     'LazyData' is specified without a 'data' directory
Flavors: r-devel-linux-x86_64-debian-clang, r-devel-linux-x86_64-debian-gcc, r-devel-linux-x86_64-fedora-clang, r-devel-linux-x86_64-fedora-gcc, r-devel-windows-x86_64-new-UL, r-devel-windows-x86_64-new-TK, r-patched-linux-x86_64, r-release-linux-x86_64, r-release-macos-arm64, r-release-macos-x86_64, r-release-windows-ix86+x86_64