CRAN Package Check Results for Package nph

Last updated on 2022-01-23 22:49:48 CET.

Flavor Version Tinstall Tcheck Ttotal Status Flags
r-devel-linux-x86_64-debian-clang 2.0 5.54 140.43 145.97 NOTE
r-devel-linux-x86_64-debian-gcc 2.0 5.14 116.46 121.60 NOTE
r-devel-linux-x86_64-fedora-clang 2.0 180.80 NOTE
r-devel-linux-x86_64-fedora-gcc 2.0 166.03 NOTE
r-devel-windows-x86_64-new-UL 2.0 42.00 202.00 244.00 NOTE
r-devel-windows-x86_64-new-TK 2.0 NOTE
r-patched-linux-x86_64 2.0 5.44 135.30 140.74 NOTE
r-release-linux-x86_64 2.0 6.19 135.60 141.79 NOTE
r-release-macos-arm64 2.0 NOTE
r-release-macos-x86_64 2.0 NOTE
r-release-windows-ix86+x86_64 2.0 15.00 186.00 201.00 NOTE
r-oldrel-macos-x86_64 2.0 OK
r-oldrel-windows-ix86+x86_64 2.0 15.00 182.00 197.00 OK

Check Details

Version: 2.0
Check: LazyData
Result: NOTE
     'LazyData' is specified without a 'data' directory
Flavors: r-devel-linux-x86_64-debian-clang, r-devel-linux-x86_64-debian-gcc, r-devel-linux-x86_64-fedora-clang, r-devel-linux-x86_64-fedora-gcc, r-devel-windows-x86_64-new-UL, r-devel-windows-x86_64-new-TK, r-patched-linux-x86_64, r-release-linux-x86_64, r-release-macos-arm64, r-release-macos-x86_64, r-release-windows-ix86+x86_64