CRAN Package Check Results for Package nphPower

Last updated on 2024-02-26 23:03:46 CET.

Flavor Version Tinstall Tcheck Ttotal Status Flags
r-devel-linux-x86_64-debian-clang 1.0.0 10.12 83.06 93.18 NOTE
r-devel-linux-x86_64-debian-gcc 1.0.0 6.92 64.17 71.09 NOTE
r-devel-linux-x86_64-fedora-clang 1.0.0 112.92 NOTE
r-devel-linux-x86_64-fedora-gcc 1.0.0 110.39 OK
r-devel-windows-x86_64 1.0.0 9.00 80.00 89.00 OK
r-patched-linux-x86_64 1.0.0 10.00 82.69 92.69 OK
r-release-linux-x86_64 1.0.0 8.06 81.79 89.85 OK
r-release-macos-arm64 1.0.0 40.00 OK
r-release-macos-x86_64 1.0.0 57.00 OK
r-release-windows-x86_64 1.0.0 10.00 95.00 105.00 OK
r-oldrel-macos-arm64 1.0.0 33.00 OK
r-oldrel-windows-x86_64 1.0.0 12.00 97.00 109.00 OK

Check Details

Version: 1.0.0
Check: Rd files
Result: NOTE checkRd: (-1) n2pwr.NPH.Rd:59-61: Lost braces 59 | Default: function(x) { | ^ checkRd: (-1) pwr2n.NPH.Rd:60-62: Lost braces 60 | Default: function(x) { | ^ Flavors: r-devel-linux-x86_64-debian-clang, r-devel-linux-x86_64-debian-gcc, r-devel-linux-x86_64-fedora-clang