CRAN Package Check Results for Package nucim

Last updated on 2024-02-26 23:03:46 CET.

Flavor Version Tinstall Tcheck Ttotal Status Flags
r-devel-linux-x86_64-debian-clang 1.0.11 8.92 96.01 104.93 NOTE
r-devel-linux-x86_64-debian-gcc 1.0.11 9.22 74.49 83.71 NOTE
r-devel-linux-x86_64-fedora-clang 1.0.11 132.64 NOTE
r-devel-linux-x86_64-fedora-gcc 1.0.11 141.85 NOTE
r-devel-windows-x86_64 1.0.11 11.00 91.00 102.00 NOTE
r-patched-linux-x86_64 1.0.11 8.23 96.35 104.58 NOTE
r-release-linux-x86_64 1.0.11 7.13 95.37 102.50 NOTE
r-release-macos-arm64 1.0.11 71.00 NOTE
r-release-macos-x86_64 1.0.11 87.00 NOTE
r-release-windows-x86_64 1.0.11 14.00 103.00 117.00 NOTE
r-oldrel-macos-arm64 1.0.11 44.00 OK
r-oldrel-windows-x86_64 1.0.11 13.00 99.00 112.00 OK

Check Details

Version: 1.0.11
Check: package subdirectories
Result: NOTE Problems with news in ‘NEWS.md’: No news entries found. Flavors: r-devel-linux-x86_64-debian-clang, r-devel-linux-x86_64-debian-gcc, r-devel-linux-x86_64-fedora-clang, r-devel-linux-x86_64-fedora-gcc, r-devel-windows-x86_64, r-patched-linux-x86_64, r-release-linux-x86_64, r-release-macos-arm64, r-release-macos-x86_64, r-release-windows-x86_64