Last updated on 2023-03-25 22:55:36 CET.
Flavor | Version | Tinstall | Tcheck | Ttotal | Status | Flags |
---|---|---|---|---|---|---|
r-devel-linux-x86_64-debian-clang | 1.0.0 | 17.95 | 156.40 | 174.35 | NOTE | |
r-devel-linux-x86_64-debian-gcc | 1.0.0 | 15.32 | 116.82 | 132.14 | NOTE | |
r-devel-linux-x86_64-fedora-clang | 1.0.0 | 217.02 | NOTE | |||
r-devel-linux-x86_64-fedora-gcc | 1.0.0 | 221.83 | NOTE | |||
r-patched-linux-x86_64 | 1.0.0 | 16.80 | 149.26 | 166.06 | NOTE | |
r-release-linux-x86_64 | 1.0.0 | 17.93 | 147.59 | 165.52 | NOTE | |
r-release-macos-arm64 | 1.0.0 | 58.00 | NOTE | |||
r-release-macos-x86_64 | 1.0.0 | 115.00 | NOTE | |||
r-release-windows-x86_64 | 1.0.0 | 25.00 | 173.00 | 198.00 | NOTE | |
r-oldrel-macos-arm64 | 1.0.0 | 81.00 | NOTE | |||
r-oldrel-macos-x86_64 | 1.0.0 | 106.00 | NOTE | |||
r-oldrel-windows-ix86+x86_64 | 1.0.0 | 37.00 | 160.00 | 197.00 | NOTE |
Version: 1.0.0
Check: LazyData
Result: NOTE
'LazyData' is specified without a 'data' directory
Flavors: r-devel-linux-x86_64-debian-clang, r-devel-linux-x86_64-debian-gcc, r-devel-linux-x86_64-fedora-clang, r-devel-linux-x86_64-fedora-gcc, r-patched-linux-x86_64, r-release-linux-x86_64, r-release-macos-arm64, r-release-macos-x86_64, r-release-windows-x86_64, r-oldrel-macos-arm64, r-oldrel-macos-x86_64, r-oldrel-windows-ix86+x86_64
Version: 1.0.0
Check: dependencies in R code
Result: NOTE
Namespaces in Imports field not imported from:
‘knitr’ ‘tibble’
All declared Imports should be used.
Flavors: r-devel-linux-x86_64-fedora-clang, r-devel-linux-x86_64-fedora-gcc, r-release-macos-arm64, r-release-macos-x86_64, r-oldrel-macos-arm64, r-oldrel-macos-x86_64