CRAN Package Check Results for Package oem

Last updated on 2022-01-24 22:56:35 CET.

Flavor Version Tinstall Tcheck Ttotal Status Flags
r-devel-linux-x86_64-debian-clang 2.0.10 377.83 215.17 593.00 NOTE
r-devel-linux-x86_64-debian-gcc 2.0.10 303.19 177.38 480.57 NOTE
r-devel-linux-x86_64-fedora-clang 2.0.10 864.01 NOTE
r-devel-linux-x86_64-fedora-gcc 2.0.10 830.05 NOTE
r-devel-windows-x86_64-new-UL 2.0.10 241.00 302.00 543.00 NOTE
r-devel-windows-x86_64-new-TK 2.0.10 NOTE
r-patched-linux-x86_64 2.0.10 343.87 216.88 560.75 NOTE
r-release-linux-x86_64 2.0.10 351.62 209.49 561.11 NOTE
r-release-macos-arm64 2.0.10 NOTE
r-release-macos-x86_64 2.0.10 NOTE
r-release-windows-ix86+x86_64 2.0.10 763.00 333.00 1096.00 NOTE
r-oldrel-macos-x86_64 2.0.10 NOTE
r-oldrel-windows-ix86+x86_64 2.0.10 765.00 343.00 1108.00 OK

Check Details

Version: 2.0.10
Check: LazyData
Result: NOTE
     'LazyData' is specified without a 'data' directory
Flavors: r-devel-linux-x86_64-debian-clang, r-devel-linux-x86_64-debian-gcc, r-devel-linux-x86_64-fedora-clang, r-devel-linux-x86_64-fedora-gcc, r-devel-windows-x86_64-new-UL, r-devel-windows-x86_64-new-TK, r-patched-linux-x86_64, r-release-linux-x86_64, r-release-macos-arm64, r-release-macos-x86_64, r-release-windows-ix86+x86_64

Version: 2.0.10
Check: installed package size
Result: NOTE
     installed size is 85.1Mb
     sub-directories of 1Mb or more:
     libs 84.6Mb
Flavors: r-devel-linux-x86_64-fedora-clang, r-release-macos-arm64, r-release-macos-x86_64, r-oldrel-macos-x86_64