CRAN Package Check Results for Package oii

Last updated on 2022-01-16 22:51:20 CET.

Flavor Version Tinstall Tcheck Ttotal Status Flags
r-devel-linux-x86_64-debian-clang 1.0.2.1 2.77 40.40 43.17 NOTE
r-devel-linux-x86_64-debian-gcc 1.0.2.1 2.00 31.27 33.27 NOTE
r-devel-linux-x86_64-fedora-clang 1.0.2.1 51.20 NOTE
r-devel-linux-x86_64-fedora-gcc 1.0.2.1 40.86 NOTE
r-devel-windows-x86_64-new-UL 1.0.2.1 17.00 58.00 75.00 NOTE
r-devel-windows-x86_64-new-TK 1.0.2.1 ERROR
r-patched-linux-x86_64 1.0.2.1 3.06 39.43 42.49 NOTE
r-release-linux-x86_64 1.0.2.1 NOTE
r-release-macos-arm64 1.0.2.1 NOTE
r-release-macos-x86_64 1.0.2.1 NOTE
r-release-windows-ix86+x86_64 1.0.2.1 8.00 48.00 56.00 NOTE
r-oldrel-macos-x86_64 1.0.2.1 OK
r-oldrel-windows-ix86+x86_64 1.0.2.1 7.00 49.00 56.00 OK

Check Details

Version: 1.0.2.1
Check: LazyData
Result: NOTE
     'LazyData' is specified without a 'data' directory
Flavors: r-devel-linux-x86_64-debian-clang, r-devel-linux-x86_64-debian-gcc, r-devel-linux-x86_64-fedora-clang, r-devel-linux-x86_64-fedora-gcc, r-devel-windows-x86_64-new-UL, r-patched-linux-x86_64, r-release-linux-x86_64, r-release-macos-arm64, r-release-macos-x86_64, r-release-windows-ix86+x86_64

Version: 1.0.2.1
Check: package dependencies
Result: ERROR
    Package required but not available: 'Deducer'
    
    See section 'The DESCRIPTION file' in the 'Writing R Extensions'
    manual.
Flavor: r-devel-windows-x86_64-new-TK