CRAN Package Check Results for Package onc.api

Last updated on 2022-05-16 22:52:18 CEST.

Flavor Version Tinstall Tcheck Ttotal Status Flags
r-devel-linux-x86_64-debian-clang 2.0.1.0 4.00 42.56 46.56 OK
r-devel-linux-x86_64-debian-gcc 2.0.1.0 3.90 32.40 36.30 OK
r-devel-linux-x86_64-fedora-clang 2.0.1.0 57.08 NOTE
r-devel-linux-x86_64-fedora-gcc 2.0.1.0 54.55 NOTE
r-devel-windows-x86_64 2.0.1.0 36.00 58.00 94.00 OK
r-patched-linux-x86_64 2.0.1.0 4.34 40.82 45.16 OK
r-release-linux-x86_64 2.0.1.0 2.98 39.92 42.90 OK
r-release-macos-arm64 2.0.1.0 17.00 NOTE
r-release-macos-x86_64 2.0.1.0 29.00 NOTE
r-release-windows-x86_64 2.0.1.0 33.00 59.00 92.00 OK
r-oldrel-macos-arm64 2.0.1.0 25.00 NOTE
r-oldrel-macos-x86_64 2.0.1.0 31.00 NOTE
r-oldrel-windows-ix86+x86_64 2.0.1.0 12.00 54.00 66.00 OK

Check Details

Version: 2.0.1.0
Check: dependencies in R code
Result: NOTE
    Namespaces in Imports field not imported from:
     ‘crayon’ ‘testthat’
     All declared Imports should be used.
Flavors: r-devel-linux-x86_64-fedora-clang, r-devel-linux-x86_64-fedora-gcc, r-release-macos-arm64, r-release-macos-x86_64, r-oldrel-macos-arm64, r-oldrel-macos-x86_64