CRAN Package Check Results for Package oncomodel

Last updated on 2022-01-18 22:47:32 CET.

Flavor Version Tinstall Tcheck Ttotal Status Flags
r-devel-linux-x86_64-debian-clang 1.0 3.02 39.59 42.61 NOTE
r-devel-linux-x86_64-debian-gcc 1.0 2.51 31.09 33.60 NOTE
r-devel-linux-x86_64-fedora-clang 1.0 53.05 NOTE
r-devel-linux-x86_64-fedora-gcc 1.0 42.49 NOTE
r-devel-windows-x86_64-new-UL 1.0 32.00 61.00 93.00 NOTE
r-devel-windows-x86_64-new-TK 1.0 NOTE
r-patched-linux-x86_64 1.0 2.83 38.60 41.43 NOTE
r-release-linux-x86_64 1.0 NOTE
r-release-macos-arm64 1.0 NOTE
r-release-macos-x86_64 1.0 NOTE
r-release-windows-ix86+x86_64 1.0 6.00 46.00 52.00 NOTE
r-oldrel-macos-x86_64 1.0 NOTE
r-oldrel-windows-ix86+x86_64 1.0 6.00 47.00 53.00 NOTE

Check Details

Version: 1.0
Check: R code for possible problems
Result: NOTE
    Found an obsolete/platform-specific call in the following function:
     'comp.freq'
    Found the platform-specific device:
     'x11'
    dev.new() is the preferred way to open a new device, in the unlikely
    event one is needed.
    MLparameters: no visible global function definition for 'optim'
    comp.freq: no visible global function definition for 'x11'
    comp.freq: no visible global function definition for 'par'
    Undefined global functions or variables:
     optim par x11
    Consider adding
     importFrom("grDevices", "x11")
     importFrom("graphics", "par")
     importFrom("stats", "optim")
    to your NAMESPACE file.
Flavors: r-devel-linux-x86_64-debian-clang, r-devel-linux-x86_64-debian-gcc, r-devel-linux-x86_64-fedora-clang, r-devel-linux-x86_64-fedora-gcc, r-patched-linux-x86_64, r-release-linux-x86_64

Version: 1.0
Check: Rd line widths
Result: NOTE
    Rd file 'oncomodel-package.Rd':
     \examples lines wider than 100 characters:
     #plot.phylog(y.phyl, cnodes =1, clabel.n=0.6, f=0.75, sub="Oncogenetic tree of given aberrations")
    
    These lines will be truncated in the PDF manual.
Flavors: r-devel-linux-x86_64-debian-clang, r-devel-linux-x86_64-debian-gcc, r-devel-linux-x86_64-fedora-clang, r-devel-linux-x86_64-fedora-gcc, r-patched-linux-x86_64, r-release-linux-x86_64

Version: 1.0
Check: R code for possible problems
Result: NOTE
    MLparameters: no visible global function definition for 'optim'
    comp.freq: no visible global function definition for 'x11'
    comp.freq: no visible global function definition for 'par'
    Undefined global functions or variables:
     optim par x11
    Consider adding
     importFrom("grDevices", "x11")
     importFrom("graphics", "par")
     importFrom("stats", "optim")
    to your NAMESPACE file.
Flavors: r-devel-windows-x86_64-new-UL, r-devel-windows-x86_64-new-TK, r-release-macos-arm64, r-release-macos-x86_64, r-release-windows-ix86+x86_64, r-oldrel-macos-x86_64, r-oldrel-windows-ix86+x86_64