Last updated on 2022-05-21 22:58:20 CEST.
Flavor | Version | Tinstall | Tcheck | Ttotal | Status | Flags |
---|---|---|---|---|---|---|
r-devel-linux-x86_64-debian-clang | 0.2.1 | 22.07 | 74.70 | 96.77 | WARN | |
r-devel-linux-x86_64-debian-gcc | 0.2.1 | 15.92 | 59.22 | 75.14 | NOTE | |
r-devel-linux-x86_64-fedora-clang | 0.2.1 | 124.66 | WARN | |||
r-devel-linux-x86_64-fedora-gcc | 0.2.1 | 117.63 | NOTE | |||
r-devel-windows-x86_64 | 0.2.1 | 30.00 | 118.00 | 148.00 | NOTE | |
r-patched-linux-x86_64 | 0.2.1 | 17.70 | 73.52 | 91.22 | NOTE | |
r-release-linux-x86_64 | 0.2.1 | 15.53 | 72.72 | 88.25 | NOTE | |
r-release-macos-arm64 | 0.2.1 | 67.00 | NOTE | |||
r-release-macos-x86_64 | 0.2.1 | 69.00 | NOTE | |||
r-release-windows-x86_64 | 0.2.1 | 29.00 | 121.00 | 150.00 | NOTE | |
r-oldrel-macos-arm64 | 0.2.1 | 81.00 | NOTE | |||
r-oldrel-macos-x86_64 | 0.2.1 | 71.00 | NOTE | |||
r-oldrel-windows-ix86+x86_64 | 0.2.1 | 51.00 | 113.00 | 164.00 | NOTE |
Version: 0.2.1
Check: whether package can be installed
Result: WARN
Found the following significant warnings:
./oneclust.h:24:21: warning: use of bitwise '|' with boolean operands [-Wbitwise-instead-of-logical]
Flavors: r-devel-linux-x86_64-debian-clang, r-devel-linux-x86_64-fedora-clang
Version: 0.2.1
Check: LazyData
Result: NOTE
'LazyData' is specified without a 'data' directory
Flavors: r-devel-linux-x86_64-debian-clang, r-devel-linux-x86_64-debian-gcc, r-devel-linux-x86_64-fedora-clang, r-devel-linux-x86_64-fedora-gcc, r-devel-windows-x86_64, r-patched-linux-x86_64, r-release-linux-x86_64, r-release-macos-arm64, r-release-macos-x86_64, r-release-windows-x86_64, r-oldrel-macos-arm64, r-oldrel-macos-x86_64, r-oldrel-windows-ix86+x86_64