CRAN Package Check Results for Package ontologySimilarity

Last updated on 2022-01-25 22:57:04 CET.

Flavor Version Tinstall Tcheck Ttotal Status Flags
r-devel-linux-x86_64-debian-clang 2.5 50.10 161.02 211.12 OK
r-devel-linux-x86_64-debian-gcc 2.5 35.00 129.90 164.90 OK
r-devel-linux-x86_64-fedora-clang 2.5 286.67 OK
r-devel-linux-x86_64-fedora-gcc 2.5 249.67 OK
r-devel-windows-x86_64-new-UL 2.5 164.00 216.00 380.00 OK
r-devel-windows-x86_64-new-TK 2.5 OK
r-patched-linux-x86_64 2.5 46.90 149.42 196.32 OK
r-release-linux-x86_64 2.5 41.60 151.30 192.90 OK
r-release-macos-arm64 2.5 OK
r-release-macos-x86_64 2.5 NOTE
r-release-windows-ix86+x86_64 2.5 133.00 196.00 329.00 OK
r-oldrel-macos-x86_64 2.5 OK
r-oldrel-windows-ix86+x86_64 2.5 132.00 196.00 328.00 OK

Check Details

Version: 2.5
Check: package dependencies
Result: NOTE
    Package suggested but not available for checking: ‘paintmap’
Flavor: r-release-macos-x86_64