CRAN Package Check Results for Package openNLP

Last updated on 2023-06-03 22:56:48 CEST.

Flavor Version Tinstall Tcheck Ttotal Status Flags
r-devel-linux-x86_64-debian-clang 0.2-7 3.39 44.44 47.83 NOTE
r-devel-linux-x86_64-debian-gcc 0.2-7 3.41 34.02 37.43 NOTE
r-devel-linux-x86_64-fedora-clang 0.2-7 62.28 NOTE
r-devel-linux-x86_64-fedora-gcc 0.2-7 64.80 NOTE
r-devel-windows-x86_64 0.2-7 4.00 53.00 57.00 NOTE
r-patched-linux-x86_64 0.2-7 NOTE
r-release-linux-x86_64 0.2-7 4.35 42.60 46.95 NOTE
r-release-macos-arm64 0.2-7 27.00 NOTE
r-release-macos-x86_64 0.2-7 30.00 NOTE
r-release-windows-x86_64 0.2-7 6.00 63.00 69.00 NOTE
r-oldrel-macos-arm64 0.2-7 27.00 NOTE
r-oldrel-macos-x86_64 0.2-7 31.00 NOTE
r-oldrel-windows-x86_64 0.2-7 7.00 66.00 73.00 NOTE

Additional issues

donttest

Check Details

Version: 0.2-7
Check: package dependencies
Result: NOTE
    Package suggested but not available for checking: ‘openNLPmodels.en’
Flavors: r-devel-linux-x86_64-debian-clang, r-devel-linux-x86_64-debian-gcc, r-devel-linux-x86_64-fedora-clang, r-devel-linux-x86_64-fedora-gcc, r-devel-windows-x86_64, r-patched-linux-x86_64, r-release-linux-x86_64, r-release-macos-arm64, r-release-macos-x86_64, r-release-windows-x86_64, r-oldrel-macos-arm64, r-oldrel-macos-x86_64, r-oldrel-windows-x86_64