CRAN Package Check Results for Package opencpu

Last updated on 2024-02-27 23:08:20 CET.

Flavor Version Tinstall Tcheck Ttotal Status Flags
r-devel-linux-x86_64-debian-clang 2.2.11 6.32 43.35 49.67 OK
r-devel-linux-x86_64-debian-gcc 2.2.11 4.31 33.15 37.46 OK
r-devel-linux-x86_64-fedora-clang 2.2.11 63.14 NOTE
r-devel-linux-x86_64-fedora-gcc 2.2.11 70.64 NOTE
r-devel-windows-x86_64 2.2.11 6.00 53.00 59.00 NOTE
r-patched-linux-x86_64 2.2.11 8.62 42.43 51.05 OK
r-release-linux-x86_64 2.2.11 6.22 43.24 49.46 OK
r-release-macos-arm64 2.2.11 30.00 OK
r-release-macos-x86_64 2.2.11 49.00 OK
r-release-windows-x86_64 2.2.11 7.00 54.00 61.00 NOTE
r-oldrel-macos-arm64 2.2.11 26.00 OK
r-oldrel-windows-x86_64 2.2.11 8.00 58.00 66.00 NOTE

Check Details

Version: 2.2.11
Check: data for non-ASCII characters
Result: NOTE Note: found 4 marked UTF-8 strings Flavors: r-devel-linux-x86_64-fedora-clang, r-devel-linux-x86_64-fedora-gcc

Version: 2.2.11
Check: package dependencies
Result: NOTE Package suggested but not available for checking: 'unix' Flavors: r-devel-windows-x86_64, r-release-windows-x86_64, r-oldrel-windows-x86_64