CRAN Package Check Results for Package opendatatoronto

Last updated on 2022-01-26 22:54:58 CET.

Flavor Version Tinstall Tcheck Ttotal Status Flags
r-devel-linux-x86_64-debian-clang 0.1.4 3.46 43.80 47.26 NOTE
r-devel-linux-x86_64-debian-gcc 0.1.4 2.88 33.78 36.66 NOTE
r-devel-linux-x86_64-fedora-clang 0.1.4 56.70 NOTE
r-devel-linux-x86_64-fedora-gcc 0.1.4 58.36 NOTE
r-devel-windows-x86_64-new-UL 0.1.4 88.00 69.00 157.00 NOTE
r-devel-windows-x86_64-new-TK 0.1.4 NOTE
r-patched-linux-x86_64 0.1.4 3.68 40.35 44.03 NOTE
r-release-linux-x86_64 0.1.4 3.28 40.09 43.37 NOTE
r-release-macos-arm64 0.1.4 NOTE
r-release-macos-x86_64 0.1.4 NOTE
r-release-windows-ix86+x86_64 0.1.4 9.00 53.00 62.00 NOTE
r-oldrel-macos-x86_64 0.1.4 OK
r-oldrel-windows-ix86+x86_64 0.1.4 9.00 54.00 63.00 OK

Check Details

Version: 0.1.4
Check: LazyData
Result: NOTE
     'LazyData' is specified without a 'data' directory
Flavors: r-devel-linux-x86_64-debian-clang, r-devel-linux-x86_64-debian-gcc, r-devel-linux-x86_64-fedora-clang, r-devel-linux-x86_64-fedora-gcc, r-devel-windows-x86_64-new-UL, r-devel-windows-x86_64-new-TK, r-patched-linux-x86_64, r-release-linux-x86_64, r-release-macos-arm64, r-release-macos-x86_64, r-release-windows-ix86+x86_64