Last updated on 2023-05-29 23:03:51 CEST.
Flavor | Version | Tinstall | Tcheck | Ttotal | Status | Flags |
---|---|---|---|---|---|---|
r-devel-linux-x86_64-debian-clang | 2.4.0 | 35.67 | 188.88 | 224.55 | OK | |
r-devel-linux-x86_64-debian-gcc | 2.4.0 | 34.60 | 143.81 | 178.41 | OK | |
r-devel-linux-x86_64-fedora-clang | 2.4.0 | 286.51 | NOTE | |||
r-devel-linux-x86_64-fedora-gcc | 2.4.0 | 284.48 | NOTE | |||
r-devel-windows-x86_64 | 2.4.0 | 51.00 | 255.00 | 306.00 | NOTE | |
r-patched-linux-x86_64 | 2.4.0 | 33.61 | 181.08 | 214.69 | OK | |
r-release-linux-x86_64 | 2.4.0 | 30.61 | 180.88 | 211.49 | OK | |
r-release-macos-arm64 | 2.4.0 | 90.00 | NOTE | |||
r-release-macos-x86_64 | 2.4.0 | 137.00 | NOTE | |||
r-release-windows-x86_64 | 2.4.0 | 63.00 | 321.00 | 384.00 | NOTE | |
r-oldrel-macos-arm64 | 2.4.0 | 88.00 | NOTE | |||
r-oldrel-macos-x86_64 | 2.4.0 | 116.00 | NOTE | |||
r-oldrel-windows-x86_64 | 2.4.0 | 64.00 | 280.00 | 344.00 | NOTE |
Version: 2.4.0
Check: installed package size
Result: NOTE
installed size is 5.1Mb
sub-directories of 1Mb or more:
data 4.2Mb
Flavors: r-devel-linux-x86_64-fedora-clang, r-devel-windows-x86_64, r-release-macos-arm64, r-release-macos-x86_64, r-release-windows-x86_64, r-oldrel-macos-arm64, r-oldrel-macos-x86_64, r-oldrel-windows-x86_64
Version: 2.4.0
Check: data for non-ASCII characters
Result: NOTE
Note: found 2524 marked UTF-8 strings
Flavors: r-devel-linux-x86_64-fedora-clang, r-devel-linux-x86_64-fedora-gcc, r-oldrel-macos-arm64, r-oldrel-macos-x86_64