CRAN Package Check Results for Package openintro

Last updated on 2022-01-23 22:49:48 CET.

Flavor Version Tinstall Tcheck Ttotal Status Flags
r-devel-linux-x86_64-debian-clang 2.2.0 33.97 172.27 206.24 OK
r-devel-linux-x86_64-debian-gcc 2.2.0 30.35 140.16 170.51 OK
r-devel-linux-x86_64-fedora-clang 2.2.0 249.81 NOTE
r-devel-linux-x86_64-fedora-gcc 2.2.0 233.44 NOTE
r-devel-windows-x86_64-new-UL 2.2.0 356.00 320.00 676.00 OK
r-devel-windows-x86_64-new-TK 2.2.0 NOTE
r-patched-linux-x86_64 2.2.0 35.99 156.25 192.24 OK
r-release-linux-x86_64 2.2.0 29.59 156.61 186.20 OK
r-release-macos-arm64 2.2.0 NOTE
r-release-macos-x86_64 2.2.0 NOTE
r-release-windows-ix86+x86_64 2.2.0 56.00 243.00 299.00 OK
r-oldrel-macos-x86_64 2.2.0 NOTE
r-oldrel-windows-ix86+x86_64 2.2.0 56.00 248.00 304.00 OK

Check Details

Version: 2.2.0
Check: data for non-ASCII characters
Result: NOTE
     Note: found 2521 marked UTF-8 strings
Flavors: r-devel-linux-x86_64-fedora-clang, r-devel-linux-x86_64-fedora-gcc, r-devel-windows-x86_64-new-TK, r-release-macos-arm64, r-release-macos-x86_64, r-oldrel-macos-x86_64