CRAN Package Check Results for Package opitools

Last updated on 2023-06-02 23:03:27 CEST.

Flavor Version Tinstall Tcheck Ttotal Status Flags
r-devel-linux-x86_64-debian-clang 1.8.0 13.77 144.41 158.18 NOTE
r-devel-linux-x86_64-debian-gcc 1.8.0 9.92 107.92 117.84 NOTE
r-devel-linux-x86_64-fedora-clang 1.8.0 191.55 NOTE
r-devel-linux-x86_64-fedora-gcc 1.8.0 194.55 NOTE
r-devel-windows-x86_64 1.8.0 13.00 119.00 132.00 NOTE
r-patched-linux-x86_64 1.8.0 NOTE
r-release-linux-x86_64 1.8.0 10.15 133.91 144.06 NOTE
r-release-macos-arm64 1.8.0 58.00 NOTE
r-release-macos-x86_64 1.8.0 101.00 NOTE
r-release-windows-x86_64 1.8.0 17.00 145.00 162.00 NOTE
r-oldrel-macos-arm64 1.8.0 47.00 OK
r-oldrel-macos-x86_64 1.8.0 92.00 OK
r-oldrel-windows-x86_64 1.8.0 18.00 146.00 164.00 OK

Check Details

Version: 1.8.0
Check: package subdirectories
Result: NOTE
    Problems with news in ‘NEWS.md’:
    No news entries found.
Flavors: r-devel-linux-x86_64-debian-clang, r-devel-linux-x86_64-debian-gcc, r-devel-linux-x86_64-fedora-clang, r-devel-linux-x86_64-fedora-gcc, r-devel-windows-x86_64, r-patched-linux-x86_64, r-release-linux-x86_64, r-release-macos-arm64, r-release-macos-x86_64, r-release-windows-x86_64