Last updated on 2022-05-28 22:55:14 CEST.
Flavor | Version | Tinstall | Tcheck | Ttotal | Status | Flags |
---|---|---|---|---|---|---|
r-devel-linux-x86_64-debian-clang | 1.0.1 | 4.32 | 75.09 | 79.41 | OK | |
r-devel-linux-x86_64-debian-gcc | 1.0.1 | 3.44 | 53.06 | 56.50 | OK | |
r-devel-linux-x86_64-fedora-clang | 1.0.1 | 95.51 | NOTE | |||
r-devel-linux-x86_64-fedora-gcc | 1.0.1 | 79.18 | NOTE | |||
r-devel-windows-x86_64 | 1.0.1 | 44.00 | 93.00 | 137.00 | OK | |
r-patched-linux-x86_64 | 1.0.1 | 3.64 | 68.93 | 72.57 | OK | |
r-release-linux-x86_64 | 1.0.1 | 2.76 | 68.60 | 71.36 | OK | |
r-release-macos-arm64 | 1.0.1 | 24.00 | NOTE | |||
r-release-macos-x86_64 | 1.0.1 | 39.00 | NOTE | |||
r-release-windows-x86_64 | 1.0.1 | 55.00 | 93.00 | 148.00 | OK | |
r-oldrel-macos-arm64 | 1.0.1 | 27.00 | NOTE | |||
r-oldrel-macos-x86_64 | 1.0.1 | 35.00 | NOTE | |||
r-oldrel-windows-ix86+x86_64 | 1.0.1 | 11.00 | 85.00 | 96.00 | OK |
Version: 1.0.1
Check: dependencies in R code
Result: NOTE
Namespaces in Imports field not imported from:
‘DT’ ‘hrbrthemes’ ‘magrittr’ ‘orthopolynom’ ‘plotly’ ‘shinyalert’
‘shinydashboard’ ‘shinyjs’
All declared Imports should be used.
Flavors: r-devel-linux-x86_64-fedora-clang, r-devel-linux-x86_64-fedora-gcc, r-release-macos-arm64, r-release-macos-x86_64, r-oldrel-macos-arm64, r-oldrel-macos-x86_64