CRAN Package Check Results for Package optpart

Last updated on 2022-01-26 22:54:58 CET.

Flavor Version Tinstall Tcheck Ttotal Status Flags
r-devel-linux-x86_64-debian-clang 3.0-3 10.97 106.24 117.21 OK
r-devel-linux-x86_64-debian-gcc 3.0-3 10.08 82.28 92.36 OK
r-devel-linux-x86_64-fedora-clang 3.0-3 142.53 NOTE
r-devel-linux-x86_64-fedora-gcc 3.0-3 134.85 NOTE
r-devel-windows-x86_64-new-UL 3.0-3 71.00 140.00 211.00 OK
r-devel-windows-x86_64-new-TK 3.0-3 OK
r-patched-linux-x86_64 3.0-3 16.21 101.56 117.77 OK
r-release-linux-x86_64 3.0-3 10.88 100.32 111.20 OK
r-release-macos-arm64 3.0-3 OK
r-release-macos-x86_64 3.0-3 OK
r-release-windows-ix86+x86_64 3.0-3 37.00 177.00 214.00 OK
r-oldrel-macos-x86_64 3.0-3 OK
r-oldrel-windows-ix86+x86_64 3.0-3 35.00 178.00 213.00 OK

Check Details

Version: 3.0-3
Check: Rd cross-references
Result: NOTE
    Undeclared package ‘vegan’ in Rd xrefs
Flavor: r-devel-linux-x86_64-fedora-clang

Version: 3.0-3
Check: compiled code
Result: NOTE
    File ‘optpart/libs/optpart.so’:
     Found no calls to: ‘R_registerRoutines’, ‘R_useDynamicSymbols’
    
    It is good practice to register native routines and to disable symbol
    search.
    
    See ‘Writing portable packages’ in the ‘Writing R Extensions’ manual.
Flavors: r-devel-linux-x86_64-fedora-clang, r-devel-linux-x86_64-fedora-gcc