CRAN Package Check Results for Package optweight

Last updated on 2022-01-17 22:54:45 CET.

Flavor Version Tinstall Tcheck Ttotal Status Flags
r-devel-linux-x86_64-debian-clang 0.2.5 12.45 105.10 117.55 NOTE
r-devel-linux-x86_64-debian-gcc 0.2.5 9.69 78.94 88.63 NOTE
r-devel-linux-x86_64-fedora-clang 0.2.5 145.01 NOTE
r-devel-linux-x86_64-fedora-gcc 0.2.5 130.41 NOTE
r-devel-windows-x86_64-new-UL 0.2.5 50.00 119.00 169.00 NOTE
r-devel-windows-x86_64-new-TK 0.2.5 NOTE
r-patched-linux-x86_64 0.2.5 12.69 100.48 113.17 NOTE
r-release-linux-x86_64 0.2.5 NOTE
r-release-macos-arm64 0.2.5 NOTE
r-release-macos-x86_64 0.2.5 NOTE
r-release-windows-ix86+x86_64 0.2.5 27.00 114.00 141.00 NOTE
r-oldrel-macos-x86_64 0.2.5 OK
r-oldrel-windows-ix86+x86_64 0.2.5 27.00 117.00 144.00 OK

Check Details

Version: 0.2.5
Check: LazyData
Result: NOTE
     'LazyData' is specified without a 'data' directory
Flavors: r-devel-linux-x86_64-debian-clang, r-devel-linux-x86_64-debian-gcc, r-devel-linux-x86_64-fedora-clang, r-devel-linux-x86_64-fedora-gcc, r-devel-windows-x86_64-new-UL, r-devel-windows-x86_64-new-TK, r-patched-linux-x86_64, r-release-linux-x86_64, r-release-macos-arm64, r-release-macos-x86_64, r-release-windows-ix86+x86_64