CRAN Package Check Results for Package ordinalClust

Last updated on 2022-07-05 22:50:28 CEST.

Flavor Version Tinstall Tcheck Ttotal Status Flags
r-devel-linux-x86_64-debian-clang 1.3.5 195.06 66.53 261.59 OK
r-devel-linux-x86_64-debian-gcc 1.3.5 154.24 52.93 207.17 WARN
r-devel-linux-x86_64-fedora-clang 1.3.5 391.40 NOTE
r-devel-linux-x86_64-fedora-gcc 1.3.5 352.70 OK
r-devel-windows-x86_64 1.3.5 178.00 136.00 314.00 OK
r-patched-linux-x86_64 1.3.5 158.10 68.18 226.28 OK
r-release-linux-x86_64 1.3.5 168.33 68.92 237.25 OK
r-release-macos-arm64 1.3.5 94.00 NOTE
r-release-macos-x86_64 1.3.5 118.00 NOTE
r-release-windows-x86_64 1.3.5 179.00 136.00 315.00 OK
r-oldrel-macos-arm64 1.3.5 120.00 NOTE
r-oldrel-macos-x86_64 1.3.5 134.00 NOTE
r-oldrel-windows-ix86+x86_64 1.3.5 445.00 129.00 574.00 OK

Check Details

Version: 1.3.5
Check: whether package can be installed
Result: WARN
    Found the following significant warnings:
     /usr/include/x86_64-linux-gnu/bits/string_fortified.h:59:33: warning: ‘void* __builtin_memset(void*, int, long unsigned int)’ forming offset [176, 183] is out of the bounds [0, 176] of object ‘b’ with type ‘arma::vec’ {aka ‘arma::Col<double>’} [-Warray-bounds]
Flavor: r-devel-linux-x86_64-debian-gcc

Version: 1.3.5
Check: installed package size
Result: NOTE
     installed size is 6.9Mb
     sub-directories of 1Mb or more:
     libs 6.6Mb
Flavors: r-devel-linux-x86_64-fedora-clang, r-release-macos-arm64, r-release-macos-x86_64, r-oldrel-macos-arm64, r-oldrel-macos-x86_64