CRAN Package Check Results for Package ordinalLBM

Last updated on 2022-05-17 22:51:34 CEST.

Flavor Version Tinstall Tcheck Ttotal Status Flags
r-devel-linux-x86_64-debian-clang 1.0 2.73 36.57 39.30 OK
r-devel-linux-x86_64-debian-gcc 1.0 2.09 27.52 29.61 OK
r-devel-linux-x86_64-fedora-clang 1.0 48.47 NOTE
r-devel-linux-x86_64-fedora-gcc 1.0 45.11 NOTE
r-devel-windows-x86_64 1.0 15.00 50.00 65.00 OK
r-patched-linux-x86_64 1.0 2.88 34.22 37.10 OK
r-release-linux-x86_64 1.0 2.66 34.46 37.12 OK
r-release-macos-arm64 1.0 17.00 NOTE
r-release-macos-x86_64 1.0 21.00 NOTE
r-release-windows-x86_64 1.0 30.00 50.00 80.00 OK
r-oldrel-macos-arm64 1.0 23.00 NOTE
r-oldrel-macos-x86_64 1.0 31.00 NOTE
r-oldrel-windows-ix86+x86_64 1.0 6.00 45.00 51.00 OK

Check Details

Version: 1.0
Check: dependencies in R code
Result: NOTE
    Namespace in Imports field not imported from: ‘reshape2’
     All declared Imports should be used.
Flavors: r-devel-linux-x86_64-fedora-clang, r-devel-linux-x86_64-fedora-gcc, r-release-macos-arm64, r-release-macos-x86_64, r-oldrel-macos-arm64, r-oldrel-macos-x86_64