CRAN Package Check Results for Package ordinalLBM

Last updated on 2023-03-19 22:57:41 CET.

Flavor Version Tinstall Tcheck Ttotal Status Flags
r-devel-linux-x86_64-debian-clang 1.0 OK
r-devel-linux-x86_64-debian-gcc 1.0 2.04 21.32 23.36 OK
r-devel-linux-x86_64-fedora-clang 1.0 39.19 NOTE
r-devel-linux-x86_64-fedora-gcc 1.0 38.39 NOTE
r-patched-linux-x86_64 1.0 2.66 26.96 29.62 OK
r-release-linux-x86_64 1.0 2.41 27.52 29.93 OK
r-release-macos-arm64 1.0 17.00 NOTE
r-release-macos-x86_64 1.0 21.00 NOTE
r-release-windows-x86_64 1.0 9.00 55.00 64.00 OK
r-oldrel-macos-arm64 1.0 23.00 NOTE
r-oldrel-macos-x86_64 1.0 31.00 NOTE
r-oldrel-windows-ix86+x86_64 1.0 6.00 51.00 57.00 OK

Check Details

Version: 1.0
Check: dependencies in R code
Result: NOTE
    Namespace in Imports field not imported from: ‘reshape2’
     All declared Imports should be used.
Flavors: r-devel-linux-x86_64-fedora-clang, r-devel-linux-x86_64-fedora-gcc, r-release-macos-arm64, r-release-macos-x86_64, r-oldrel-macos-arm64, r-oldrel-macos-x86_64