Last updated on 2022-05-18 21:53:22 CEST.
Flavor | Version | Tinstall | Tcheck | Ttotal | Status | Flags |
---|---|---|---|---|---|---|
r-devel-linux-x86_64-debian-clang | 0.3.2 | 2.14 | 35.28 | 37.42 | NOTE | |
r-devel-linux-x86_64-debian-gcc | 0.3.2 | 1.77 | 26.93 | 28.70 | NOTE | |
r-devel-linux-x86_64-fedora-clang | 0.3.2 | 46.49 | NOTE | |||
r-devel-linux-x86_64-fedora-gcc | 0.3.2 | 43.66 | NOTE | |||
r-devel-windows-x86_64 | 0.3.2 | 15.00 | 55.00 | 70.00 | NOTE | |
r-patched-linux-x86_64 | 0.3.2 | 2.27 | 33.75 | 36.02 | NOTE | |
r-release-linux-x86_64 | 0.3.2 | 2.15 | 33.64 | 35.79 | NOTE | |
r-release-macos-arm64 | 0.3.2 | 24.00 | NOTE | |||
r-release-macos-x86_64 | 0.3.2 | 30.00 | NOTE | |||
r-release-windows-x86_64 | 0.3.2 | 12.00 | 55.00 | 67.00 | NOTE | |
r-oldrel-macos-arm64 | 0.3.2 | 23.00 | NOTE | |||
r-oldrel-macos-x86_64 | 0.3.2 | 32.00 | NOTE | |||
r-oldrel-windows-ix86+x86_64 | 0.3.2 | 6.00 | 49.00 | 55.00 | NOTE |
Version: 0.3.2
Check: LazyData
Result: NOTE
'LazyData' is specified without a 'data' directory
Flavors: r-devel-linux-x86_64-debian-clang, r-devel-linux-x86_64-debian-gcc, r-devel-linux-x86_64-fedora-clang, r-devel-linux-x86_64-fedora-gcc, r-devel-windows-x86_64, r-patched-linux-x86_64, r-release-linux-x86_64, r-release-macos-arm64, r-release-macos-x86_64, r-release-windows-x86_64, r-oldrel-macos-arm64, r-oldrel-macos-x86_64, r-oldrel-windows-ix86+x86_64