Last updated on 2023-06-03 22:56:49 CEST.
Flavor | Version | Tinstall | Tcheck | Ttotal | Status | Flags |
---|---|---|---|---|---|---|
r-devel-linux-x86_64-debian-clang | 5.3 | 6.08 | 57.14 | 63.22 | OK | |
r-devel-linux-x86_64-debian-gcc | 5.3 | 4.66 | 44.65 | 49.31 | OK | |
r-devel-linux-x86_64-fedora-clang | 5.3 | 81.02 | OK | |||
r-devel-linux-x86_64-fedora-gcc | 5.3 | 91.94 | OK | |||
r-devel-windows-x86_64 | 5.3 | 8.00 | 75.00 | 83.00 | OK | |
r-patched-linux-x86_64 | 5.3 | OK | ||||
r-release-linux-x86_64 | 5.3 | 5.86 | 55.32 | 61.18 | OK | |
r-release-macos-arm64 | 5.3 | 34.00 | OK | |||
r-release-macos-x86_64 | 4.10 | 48.00 | NOTE | |||
r-release-windows-x86_64 | 5.3 | 9.00 | 80.00 | 89.00 | OK | |
r-oldrel-macos-arm64 | 5.3 | 47.00 | OK | |||
r-oldrel-macos-x86_64 | 5.3 | 41.00 | OK | |||
r-oldrel-windows-x86_64 | 5.3 | 9.00 | 73.00 | 82.00 | OK |
Version: 4.10
Check: Rd cross-references
Result: NOTE
Package unavailable to check Rd xrefs: ‘orloca.es’
Flavor: r-release-macos-x86_64