CRAN Package Check Results for Package oro.pet

Last updated on 2022-01-16 22:51:21 CET.

Flavor Version Tinstall Tcheck Ttotal Status Flags
r-devel-linux-x86_64-debian-clang 0.2.6 8.87 87.54 96.41 OK
r-devel-linux-x86_64-debian-gcc 0.2.6 8.17 67.34 75.51 OK
r-devel-linux-x86_64-fedora-clang 0.2.6 119.12 NOTE
r-devel-linux-x86_64-fedora-gcc 0.2.6 106.43 NOTE
r-devel-windows-x86_64-new-UL 0.2.6 35.00 98.00 133.00 OK
r-devel-windows-x86_64-new-TK 0.2.6 NOTE
r-patched-linux-x86_64 0.2.6 9.12 85.74 94.86 OK
r-release-linux-x86_64 0.2.6 OK
r-release-macos-arm64 0.2.6 NOTE
r-release-macos-x86_64 0.2.6 NOTE
r-release-windows-ix86+x86_64 0.2.6 21.00 97.00 118.00 OK
r-oldrel-macos-x86_64 0.2.6 NOTE
r-oldrel-windows-ix86+x86_64 0.2.6 21.00 102.00 123.00 OK

Check Details

Version: 0.2.6
Check: dependencies in R code
Result: NOTE
    Namespace in Imports field not imported from: ‘grDevices’
     All declared Imports should be used.
Flavors: r-devel-linux-x86_64-fedora-clang, r-devel-linux-x86_64-fedora-gcc, r-devel-windows-x86_64-new-TK, r-release-macos-arm64, r-release-macos-x86_64, r-oldrel-macos-x86_64