CRAN Package Check Results for Package otpr

Last updated on 2021-12-05 22:48:59 CET.

Flavor Version Tinstall Tcheck Ttotal Status Flags
r-devel-linux-x86_64-debian-clang 0.5.0 4.71 53.95 58.66 NOTE
r-devel-linux-x86_64-debian-gcc 0.5.0 3.63 41.57 45.20 NOTE
r-devel-linux-x86_64-fedora-clang 0.5.0 71.66 NOTE
r-devel-linux-x86_64-fedora-gcc 0.5.0 59.31 NOTE
r-devel-windows-x86_64-new-UL 0.5.0 12.00 82.00 94.00 NOTE
r-devel-windows-x86_64-new-TK 0.5.0 NOTE
r-devel-windows-x86_64-old 0.5.0 9.00 51.00 60.00 NOTE
r-patched-linux-x86_64 0.5.0 4.83 43.25 48.08 NOTE
r-release-linux-x86_64 0.5.0 4.28 50.38 54.66 NOTE
r-release-macos-arm64 0.5.0 NOTE
r-release-macos-x86_64 0.5.0 NOTE
r-release-windows-ix86+x86_64 0.5.0 12.00 66.00 78.00 NOTE
r-oldrel-macos-x86_64 0.5.0 OK
r-oldrel-windows-ix86+x86_64 0.5.0 12.00 64.00 76.00 OK

Check Details

Version: 0.5.0
Check: LazyData
Result: NOTE
     'LazyData' is specified without a 'data' directory
Flavors: r-devel-linux-x86_64-debian-clang, r-devel-linux-x86_64-debian-gcc, r-devel-linux-x86_64-fedora-clang, r-devel-linux-x86_64-fedora-gcc, r-devel-windows-x86_64-new-UL, r-devel-windows-x86_64-new-TK, r-devel-windows-x86_64-old, r-patched-linux-x86_64, r-release-linux-x86_64, r-release-macos-arm64, r-release-macos-x86_64, r-release-windows-ix86+x86_64