CRAN Package Check Results for Package otvPlots

Last updated on 2022-01-25 22:57:04 CET.

Flavor Version Tinstall Tcheck Ttotal Status Flags
r-devel-linux-x86_64-debian-clang 0.2.1 14.60 156.58 171.18 OK
r-devel-linux-x86_64-debian-gcc 0.2.1 12.83 115.39 128.22 OK
r-devel-linux-x86_64-fedora-clang 0.2.1 188.28 NOTE
r-devel-linux-x86_64-fedora-gcc 0.2.1 179.91 NOTE
r-devel-windows-x86_64-new-UL 0.2.1 54.00 158.00 212.00 OK
r-devel-windows-x86_64-new-TK 0.2.1 NOTE
r-patched-linux-x86_64 0.2.1 11.28 134.57 145.85 OK
r-release-linux-x86_64 0.2.1 9.53 136.12 145.65 OK
r-release-macos-arm64 0.2.1 NOTE
r-release-macos-x86_64 0.2.1 NOTE
r-release-windows-ix86+x86_64 0.2.1 31.00 161.00 192.00 OK
r-oldrel-macos-x86_64 0.2.1 NOTE
r-oldrel-windows-ix86+x86_64 0.2.1 31.00 159.00 190.00 OK

Check Details

Version: 0.2.1
Check: dependencies in R code
Result: NOTE
    Namespace in Imports field not imported from: ‘quantreg’
     All declared Imports should be used.
Flavors: r-devel-linux-x86_64-fedora-clang, r-devel-linux-x86_64-fedora-gcc, r-devel-windows-x86_64-new-TK, r-release-macos-arm64, r-release-macos-x86_64, r-oldrel-macos-x86_64