CRAN Package Check Results for Package outliertree

Last updated on 2021-12-07 22:59:37 CET.

Flavor Version Tinstall Tcheck Ttotal Status Flags
r-devel-linux-x86_64-debian-clang 1.7.6-1 97.35 47.97 145.32 OK
r-devel-linux-x86_64-debian-gcc 1.7.6-1 66.58 36.41 102.99 OK
r-devel-linux-x86_64-fedora-clang 1.7.6-1 222.32 NOTE
r-devel-linux-x86_64-fedora-gcc 1.7.6-1 181.53 OK
r-devel-windows-x86_64-new-UL 1.7.6-1 111.00 104.00 215.00 OK
r-devel-windows-x86_64-new-TK 1.7.6-1 OK
r-devel-windows-x86_64-old 1.7.6-1 108.00 56.00 164.00 OK
r-patched-linux-x86_64 1.7.6-1 81.91 44.48 126.39 OK
r-release-linux-x86_64 1.7.6-1 83.19 44.71 127.90 OK
r-release-macos-arm64 1.7.6-1 NOTE
r-release-macos-x86_64 1.7.6-1 NOTE
r-release-windows-ix86+x86_64 1.7.6-1 162.00 88.00 250.00 OK
r-oldrel-macos-x86_64 1.7.6-1 NOTE
r-oldrel-windows-ix86+x86_64 1.7.6-1 214.00 81.00 295.00 OK

Check Details

Version: 1.7.6-1
Check: installed package size
Result: NOTE
     installed size is 5.3Mb
     sub-directories of 1Mb or more:
     libs 5.0Mb
Flavors: r-devel-linux-x86_64-fedora-clang, r-release-macos-arm64, r-release-macos-x86_64, r-oldrel-macos-x86_64