CRAN Package Check Results for Package outreg

Last updated on 2023-03-23 22:52:39 CET.

Flavor Version Tinstall Tcheck Ttotal Status Flags
r-devel-linux-x86_64-debian-clang 0.2.2 2.63 39.49 42.12 NOTE
r-devel-linux-x86_64-debian-gcc 0.2.2 2.31 30.65 32.96 NOTE
r-devel-linux-x86_64-fedora-clang 0.2.2 56.58 NOTE
r-devel-linux-x86_64-fedora-gcc 0.2.2 51.20 NOTE
r-patched-linux-x86_64 0.2.2 2.80 39.70 42.50 NOTE
r-release-linux-x86_64 0.2.2 2.94 40.03 42.97 NOTE
r-release-macos-arm64 0.2.2 18.00 NOTE
r-release-macos-x86_64 0.2.2 34.00 NOTE
r-release-windows-x86_64 0.2.2 18.00 88.00 106.00 NOTE
r-oldrel-macos-arm64 0.2.2 20.00 NOTE
r-oldrel-macos-x86_64 0.2.2 32.00 NOTE
r-oldrel-windows-ix86+x86_64 0.2.2 6.00 67.00 73.00 NOTE

Check Details

Version: 0.2.2
Check: LazyData
Result: NOTE
     'LazyData' is specified without a 'data' directory
Flavors: r-devel-linux-x86_64-debian-clang, r-devel-linux-x86_64-debian-gcc, r-devel-linux-x86_64-fedora-clang, r-devel-linux-x86_64-fedora-gcc, r-patched-linux-x86_64, r-release-linux-x86_64, r-release-macos-arm64, r-release-macos-x86_64, r-release-windows-x86_64, r-oldrel-macos-arm64, r-oldrel-macos-x86_64, r-oldrel-windows-ix86+x86_64