CRAN Package Check Results for Package outsider

Last updated on 2022-05-27 22:52:01 CEST.

Flavor Version Tinstall Tcheck Ttotal Status Flags
r-devel-linux-x86_64-debian-clang 0.1.1 2.85 48.35 51.20 NOTE
r-devel-linux-x86_64-debian-gcc 0.1.1 2.52 38.04 40.56 NOTE
r-devel-linux-x86_64-fedora-clang 0.1.1 62.84 NOTE
r-devel-linux-x86_64-fedora-gcc 0.1.1 72.02 NOTE
r-devel-windows-x86_64 0.1.1 27.00 81.00 108.00 NOTE
r-patched-linux-x86_64 0.1.1 3.76 47.69 51.45 NOTE
r-release-linux-x86_64 0.1.1 3.02 47.38 50.40 NOTE
r-release-macos-arm64 0.1.1 37.00 NOTE
r-release-macos-x86_64 0.1.1 68.00 NOTE
r-release-windows-x86_64 0.1.1 32.00 79.00 111.00 NOTE
r-oldrel-macos-arm64 0.1.1 45.00 NOTE
r-oldrel-macos-x86_64 0.1.1 70.00 NOTE
r-oldrel-windows-ix86+x86_64 0.1.1 10.00 50.00 60.00 NOTE

Check Details

Version: 0.1.1
Check: LazyData
Result: NOTE
     'LazyData' is specified without a 'data' directory
Flavors: r-devel-linux-x86_64-debian-clang, r-devel-linux-x86_64-debian-gcc, r-devel-linux-x86_64-fedora-clang, r-devel-linux-x86_64-fedora-gcc, r-devel-windows-x86_64, r-patched-linux-x86_64, r-release-linux-x86_64, r-release-macos-arm64, r-release-macos-x86_64, r-release-windows-x86_64, r-oldrel-macos-arm64, r-oldrel-macos-x86_64, r-oldrel-windows-ix86+x86_64