CRAN Package Check Results for Package packcircles

Last updated on 2022-01-18 22:47:32 CET.

Flavor Version Tinstall Tcheck Ttotal Status Flags
r-devel-linux-x86_64-debian-clang 0.3.4 43.84 56.06 99.90 OK
r-devel-linux-x86_64-debian-gcc 0.3.4 32.50 42.97 75.47 OK
r-devel-linux-x86_64-fedora-clang 0.3.4 142.42 OK
r-devel-linux-x86_64-fedora-gcc 0.3.4 120.79 OK
r-devel-windows-x86_64-new-UL 0.3.4 91.00 99.00 190.00 OK
r-devel-windows-x86_64-new-TK 0.3.4 OK
r-patched-linux-x86_64 0.3.4 36.19 54.53 90.72 OK
r-release-linux-x86_64 0.3.4 OK
r-release-macos-arm64 0.3.4 OK
r-release-macos-x86_64 0.3.4 WARN
r-release-windows-ix86+x86_64 0.3.4 110.00 98.00 208.00 OK
r-oldrel-macos-x86_64 0.3.4 WARN
r-oldrel-windows-ix86+x86_64 0.3.4 110.00 97.00 207.00 OK

Check Details

Version: 0.3.4
Check: re-building of vignette outputs
Result: WARN
    Error(s) in re-building vignettes:
     ...
    --- re-building ‘graph_packing.Rmd’ using rmarkdown
    Warning in engine$weave(file, quiet = quiet, encoding = enc) :
     Pandoc (>= 1.12.3) not available. Falling back to R Markdown v1.
    --- finished re-building ‘graph_packing.Rmd’
    
    --- re-building ‘intro.Rmd’ using rmarkdown
    Warning in engine$weave(file, quiet = quiet, encoding = enc) :
     Pandoc (>= 1.12.3) not available. Falling back to R Markdown v1.
    --- finished re-building ‘intro.Rmd’
    
    --- re-building ‘progressive_packing.Rmd’ using rmarkdown
    Warning in engine$weave(file, quiet = quiet, encoding = enc) :
     Pandoc (>= 1.12.3) not available. Falling back to R Markdown v1.
    Quitting from lines 204-226 (progressive_packing.Rmd)
    Error: processing vignette 'progressive_packing.Rmd' failed with diagnostics:
    invalid 'path' argument
    --- failed re-building ‘progressive_packing.Rmd’
    
    SUMMARY: processing the following file failed:
     ‘progressive_packing.Rmd’
    
    Error: Vignette re-building failed.
    Execution halted
Flavor: r-release-macos-x86_64

Version: 0.3.4
Check: re-building of vignette outputs
Result: WARN
    Error(s) in re-building vignettes:
     ...
    --- re-building ‘graph_packing.Rmd’ using rmarkdown
    Warning in engine$weave(file, quiet = quiet, encoding = enc) :
     Pandoc (>= 1.12.3) and/or pandoc-citeproc not available. Falling back to R Markdown v1.
    --- finished re-building ‘graph_packing.Rmd’
    
    --- re-building ‘intro.Rmd’ using rmarkdown
    Warning in engine$weave(file, quiet = quiet, encoding = enc) :
     Pandoc (>= 1.12.3) and/or pandoc-citeproc not available. Falling back to R Markdown v1.
    --- finished re-building ‘intro.Rmd’
    
    --- re-building ‘progressive_packing.Rmd’ using rmarkdown
    Warning in engine$weave(file, quiet = quiet, encoding = enc) :
     Pandoc (>= 1.12.3) and/or pandoc-citeproc not available. Falling back to R Markdown v1.
    Quitting from lines 204-226 (progressive_packing.Rmd)
    Error: processing vignette 'progressive_packing.Rmd' failed with diagnostics:
    cannot open the connection
    --- failed re-building ‘progressive_packing.Rmd’
    
    SUMMARY: processing the following file failed:
     ‘progressive_packing.Rmd’
    
    Error: Vignette re-building failed.
    Execution halted
Flavor: r-oldrel-macos-x86_64