CRAN Package Check Results for Package packer

Last updated on 2022-01-24 22:56:35 CET.

Flavor Version Tinstall Tcheck Ttotal Status Flags
r-devel-linux-x86_64-debian-clang 0.1.2 3.68 43.28 46.96 OK
r-devel-linux-x86_64-debian-gcc 0.1.2 3.63 33.25 36.88 OK
r-devel-linux-x86_64-fedora-clang 0.1.2 59.12 OK
r-devel-linux-x86_64-fedora-gcc 0.1.2 47.55 OK
r-devel-windows-x86_64-new-UL 0.1.2 86.00 64.00 150.00 OK
r-devel-windows-x86_64-new-TK 0.1.2 OK
r-patched-linux-x86_64 0.1.2 5.24 41.62 46.86 OK
r-release-linux-x86_64 0.1.2 4.34 41.66 46.00 OK
r-release-macos-arm64 0.1.2 OK
r-release-macos-x86_64 0.1.2 WARN --as-cran
r-release-windows-ix86+x86_64 0.1.2 10.00 53.00 63.00 OK
r-oldrel-macos-x86_64 0.1.1 OK
r-oldrel-windows-ix86+x86_64 0.1.2 12.00 48.00 60.00 OK

Check Details

Version: 0.1.2
Flags: --as-cran
Check: CRAN incoming feasibility
Result: WARN
    Maintainer: ‘John Coene <jcoenep@gmail.com>’
    
    Insufficient package version (submitted: 0.1.2, existing: 0.1.2)
    
    Days since last update: 1
Flavor: r-release-macos-x86_64

Version: 0.1.2
Flags: --as-cran
Check: top-level files
Result: NOTE
    Files ‘README.md’ or ‘NEWS.md’ cannot be checked without ‘pandoc’ being installed.
Flavor: r-release-macos-x86_64