CRAN Package Check Results for Package padr

Last updated on 2021-12-07 22:59:37 CET.

Flavor Version Tinstall Tcheck Ttotal Status Flags
r-devel-linux-x86_64-debian-clang 0.6.0 36.54 77.81 114.35 OK
r-devel-linux-x86_64-debian-gcc 0.6.0 27.37 60.02 87.39 OK
r-devel-linux-x86_64-fedora-clang 0.6.0 160.59 OK
r-devel-linux-x86_64-fedora-gcc 0.6.0 135.44 OK
r-devel-windows-x86_64-new-UL 0.6.0 62.00 142.00 204.00 OK
r-devel-windows-x86_64-new-TK 0.6.0 OK
r-devel-windows-x86_64-old 0.6.0 53.00 84.00 137.00 OK
r-patched-linux-x86_64 0.6.0 32.56 78.42 110.98 OK
r-release-linux-x86_64 0.6.0 32.59 77.20 109.79 OK
r-release-macos-arm64 0.6.0 OK
r-release-macos-x86_64 0.6.0 OK
r-release-windows-ix86+x86_64 0.6.0 69.00 143.00 212.00 NOTE
r-oldrel-macos-x86_64 0.6.0 OK
r-oldrel-windows-ix86+x86_64 0.6.0 96.00 148.00 244.00 NOTE

Check Details

Version: 0.6.0
Check: installed package size
Result: NOTE
     installed size is 5.2Mb
     sub-directories of 1Mb or more:
     data 1.7Mb
     doc 1.3Mb
     libs 2.0Mb
Flavors: r-release-windows-ix86+x86_64, r-oldrel-windows-ix86+x86_64