Last updated on 2022-05-20 22:53:17 CEST.
Flavor | Version | Tinstall | Tcheck | Ttotal | Status | Flags |
---|---|---|---|---|---|---|
r-devel-linux-x86_64-debian-clang | 0.6.0 | 44.72 | 88.04 | 132.76 | OK | |
r-devel-linux-x86_64-debian-gcc | 0.6.0 | 32.76 | 66.70 | 99.46 | OK | |
r-devel-linux-x86_64-fedora-clang | 0.6.0 | 172.66 | OK | |||
r-devel-linux-x86_64-fedora-gcc | 0.6.0 | 153.13 | OK | |||
r-devel-windows-x86_64 | 0.6.0 | 66.00 | 133.00 | 199.00 | OK | |
r-patched-linux-x86_64 | 0.6.0 | 30.46 | 84.05 | 114.51 | OK | |
r-release-linux-x86_64 | 0.6.0 | 33.23 | 84.26 | 117.49 | OK | |
r-release-macos-arm64 | 0.6.0 | 46.00 | OK | |||
r-release-macos-x86_64 | 0.6.0 | 68.00 | OK | |||
r-release-windows-x86_64 | 0.6.0 | 58.00 | 132.00 | 190.00 | OK | |
r-oldrel-macos-arm64 | 0.6.0 | 48.00 | OK | |||
r-oldrel-macos-x86_64 | 0.6.0 | 63.00 | OK | |||
r-oldrel-windows-ix86+x86_64 | 0.6.0 | 102.00 | 153.00 | 255.00 | NOTE |
Version: 0.6.0
Check: installed package size
Result: NOTE
installed size is 5.2Mb
sub-directories of 1Mb or more:
data 1.7Mb
doc 1.3Mb
libs 2.0Mb
Flavor: r-oldrel-windows-ix86+x86_64